
{"id":15912,"date":"2024-10-23T18:40:12","date_gmt":"2024-10-23T18:40:12","guid":{"rendered":"https:\/\/triopersonalizados.com.br\/?post_type=product&#038;p=15912"},"modified":"2025-08-27T14:33:54","modified_gmt":"2025-08-27T14:33:54","slug":"caneca-conica-alca-dourada-360ml","status":"publish","type":"product","link":"https:\/\/triopersonalizados.com.br\/produto\/caneca-conica-alca-dourada-360ml\/","title":{"rendered":"Caneca C\u00f4nica Al\u00e7a Dourada 360ml"},"content":{"rendered":"<p>Caneca de porcelana Live Sub \u00e9 uma das principais marcas de sublima\u00e7\u00e3o do mercado atual. Seus produtos contam com qualidade sem igual em toda sua linha.<\/p>\n<p>S\u00e3o tamb\u00e9m totalmente resistentes a micro-ondas e lava-lou\u00e7as. Pode aquecer, lavar, secar que n\u00e3o perde sua qualidade.<\/p>\n<p>Linda caneca para voc\u00ea e para presentear quem voc\u00ea gosta.\u00a0 \u00c9 uma pe\u00e7a que alia estilo e funcionalidade, sendo ideal tanto para uso pessoal quanto para presentes personalizados.<\/p>\n<p>Dimens\u00f5es do produto:<\/p>\n<p>Comprimento: 12cm<\/p>\n<p>Largura: 8cm<\/p>\n<p>Altura: 9,5cm<\/p>\n<p>Capacidade: 360ml<\/p>\n<p>&nbsp;<\/p>\n<p>Cuidados com o produto: Lavar com sab\u00e3o neutro e esponja macia. N\u00e3o usar produtos abrasivos na limpeza. Pode ser levado ao micro-ondas e lava-lou\u00e7as. Tenha cuidado com quedas e impactos pois podem danificar o produto.<\/p>\n","protected":false},"excerpt":{"rendered":"<p>Caneca de porcelana Live Sub \u00e9 uma das principais marcas de sublima\u00e7\u00e3o do mercado atual. Seus produtos contam com qualidade<\/p>\n","protected":false},"featured_media":20383,"comment_status":"open","ping_status":"closed","template":"","meta":{"iawp_total_views":21,"_joinchat":[]},"product_brand":[],"product_cat":[25,28,22],"product_tag":[],"class_list":{"0":"post-15912","1":"product","2":"type-product","3":"status-publish","4":"has-post-thumbnail","6":"product_cat-caneca-especial","7":"product_cat-conica","8":"product_cat-personalizados","10":"first","11":"instock","12":"shipping-taxable","13":"purchasable","14":"product-type-simple"},"_links":{"self":[{"href":"https:\/\/triopersonalizados.com.br\/wp-json\/wp\/v2\/product\/15912","targetHints":{"allow":["GET"]}}],"collection":[{"href":"https:\/\/triopersonalizados.com.br\/wp-json\/wp\/v2\/product"}],"about":[{"href":"https:\/\/triopersonalizados.com.br\/wp-json\/wp\/v2\/types\/product"}],"replies":[{"embeddable":true,"href":"https:\/\/triopersonalizados.com.br\/wp-json\/wp\/v2\/comments?post=15912"}],"wp:featuredmedia":[{"embeddable":true,"href":"https:\/\/triopersonalizados.com.br\/wp-json\/wp\/v2\/media\/20383"}],"wp:attachment":[{"href":"https:\/\/triopersonalizados.com.br\/wp-json\/wp\/v2\/media?parent=15912"}],"wp:term":[{"taxonomy":"product_brand","embeddable":true,"href":"https:\/\/triopersonalizados.com.br\/wp-json\/wp\/v2\/product_brand?post=15912"},{"taxonomy":"product_cat","embeddable":true,"href":"https:\/\/triopersonalizados.com.br\/wp-json\/wp\/v2\/product_cat?post=15912"},{"taxonomy":"product_tag","embeddable":true,"href":"https:\/\/triopersonalizados.com.br\/wp-json\/wp\/v2\/product_tag?post=15912"}],"curies":[{"name":"wp","href":"https:\/\/api.w.org\/{rel}","templated":true}]}}