
{"id":15992,"date":"2024-10-23T19:55:34","date_gmt":"2024-10-23T19:55:34","guid":{"rendered":"https:\/\/triopersonalizados.com.br\/?post_type=product&#038;p=15992"},"modified":"2026-03-15T22:02:17","modified_gmt":"2026-03-15T22:02:17","slug":"camiseta-algodao","status":"publish","type":"product","link":"https:\/\/triopersonalizados.com.br\/produto\/camiseta-algodao\/","title":{"rendered":"Camiseta Algod\u00e3o &#8211; Personalize com sua Arte"},"content":{"rendered":"<p>Camisetas estampadas com seu estilo! Envie sua arte!<br \/>\nEstampas em DTF<br \/>\n100% Algod\u00e3o, fio 30.1 penteado \u2013 Gola redonda.<br \/>\n\u00d3tima Qualidade e Conforto!<\/p>\n<p>Modelo: unissex<\/p>\n<p><img fetchpriority=\"high\" decoding=\"async\" class=\"alignnone  wp-image-20640\" src=\"https:\/\/triopersonalizados.com.br\/wp-content\/uploads\/2025\/02\/Camiseta-Unissex-300x129.webp\" alt=\"\" width=\"347\" height=\"149\" srcset=\"https:\/\/triopersonalizados.com.br\/wp-content\/uploads\/2025\/02\/Camiseta-Unissex-300x129.webp 300w, https:\/\/triopersonalizados.com.br\/wp-content\/uploads\/2025\/02\/Camiseta-Unissex-150x64.webp 150w, https:\/\/triopersonalizados.com.br\/wp-content\/uploads\/2025\/02\/Camiseta-Unissex-600x257.webp 600w, https:\/\/triopersonalizados.com.br\/wp-content\/uploads\/2025\/02\/Camiseta-Unissex.webp 700w\" sizes=\"(max-width: 347px) 100vw, 347px\" \/><\/p>\n<p>Importante: Pedido ser\u00e1 postado em 2 a 3 dias \u00fateis ap\u00f3s efetuada a compra.<\/p>\n","protected":false},"excerpt":{"rendered":"<p>&nbsp;<\/p>\n<p>&nbsp;<\/p>\n","protected":false},"featured_media":20031,"comment_status":"open","ping_status":"closed","template":"","meta":{"iawp_total_views":92,"_joinchat":[]},"product_brand":[],"product_cat":[33,30,22],"product_tag":[17],"class_list":{"0":"post-15992","1":"product","2":"type-product","3":"status-publish","4":"has-post-thumbnail","6":"product_cat-algodao","7":"product_cat-camisetas","8":"product_cat-personalizados","9":"product_tag-lancamentos","11":"first","12":"instock","13":"shipping-taxable","14":"purchasable","15":"product-type-variable"},"_links":{"self":[{"href":"https:\/\/triopersonalizados.com.br\/wp-json\/wp\/v2\/product\/15992","targetHints":{"allow":["GET"]}}],"collection":[{"href":"https:\/\/triopersonalizados.com.br\/wp-json\/wp\/v2\/product"}],"about":[{"href":"https:\/\/triopersonalizados.com.br\/wp-json\/wp\/v2\/types\/product"}],"replies":[{"embeddable":true,"href":"https:\/\/triopersonalizados.com.br\/wp-json\/wp\/v2\/comments?post=15992"}],"wp:featuredmedia":[{"embeddable":true,"href":"https:\/\/triopersonalizados.com.br\/wp-json\/wp\/v2\/media\/20031"}],"wp:attachment":[{"href":"https:\/\/triopersonalizados.com.br\/wp-json\/wp\/v2\/media?parent=15992"}],"wp:term":[{"taxonomy":"product_brand","embeddable":true,"href":"https:\/\/triopersonalizados.com.br\/wp-json\/wp\/v2\/product_brand?post=15992"},{"taxonomy":"product_cat","embeddable":true,"href":"https:\/\/triopersonalizados.com.br\/wp-json\/wp\/v2\/product_cat?post=15992"},{"taxonomy":"product_tag","embeddable":true,"href":"https:\/\/triopersonalizados.com.br\/wp-json\/wp\/v2\/product_tag?post=15992"}],"curies":[{"name":"wp","href":"https:\/\/api.w.org\/{rel}","templated":true}]}}