
{"id":16044,"date":"2024-10-23T20:30:10","date_gmt":"2024-10-23T20:30:10","guid":{"rendered":"https:\/\/triopersonalizados.com.br\/?post_type=product&#038;p=16044"},"modified":"2026-03-15T21:55:30","modified_gmt":"2026-03-15T21:55:30","slug":"body-infantil-branco","status":"publish","type":"product","link":"https:\/\/triopersonalizados.com.br\/produto\/body-infantil-branco\/","title":{"rendered":"Body Infantil"},"content":{"rendered":"<p>Uma maneira encantadora de adicionar um toque especial ao guarda-roupa dos pequenos. Com a possibilidade de incluir nomes, datas de nascimento, mensagens especiais ou at\u00e9 mesmo desenhos exclusivos, esses itens se tornam lembran\u00e7as \u00fanicas e significativas. Al\u00e9m de serem presentes perfeitos para ch\u00e1s de beb\u00ea, anivers\u00e1rios e outras celebra\u00e7\u00f5es, as roupas personalizadas tamb\u00e9m permitem que os pais expressem a personalidade e o estilo de seus filhos de forma criativa.<\/p>\n<p>100% poli\u00e9ster<\/p>\n<p><img fetchpriority=\"high\" decoding=\"async\" class=\"alignnone size-medium wp-image-20118\" src=\"https:\/\/triopersonalizados.com.br\/wp-content\/uploads\/2024\/10\/image-1-400x192.webp\" alt=\"\" width=\"400\" height=\"192\" \/><\/p>\n","protected":false},"excerpt":{"rendered":"<p>Uma maneira encantadora de adicionar um toque especial ao guarda-roupa dos pequenos. Com a possibilidade de incluir nomes, datas de<\/p>\n","protected":false},"featured_media":20113,"comment_status":"open","ping_status":"closed","template":"","meta":{"iawp_total_views":123,"_joinchat":[]},"product_brand":[],"product_cat":[35,30,22],"product_tag":[],"class_list":{"0":"post-16044","1":"product","2":"type-product","3":"status-publish","4":"has-post-thumbnail","6":"product_cat-body","7":"product_cat-camisetas","8":"product_cat-personalizados","10":"first","11":"instock","12":"shipping-taxable","13":"purchasable","14":"product-type-variable"},"_links":{"self":[{"href":"https:\/\/triopersonalizados.com.br\/wp-json\/wp\/v2\/product\/16044","targetHints":{"allow":["GET"]}}],"collection":[{"href":"https:\/\/triopersonalizados.com.br\/wp-json\/wp\/v2\/product"}],"about":[{"href":"https:\/\/triopersonalizados.com.br\/wp-json\/wp\/v2\/types\/product"}],"replies":[{"embeddable":true,"href":"https:\/\/triopersonalizados.com.br\/wp-json\/wp\/v2\/comments?post=16044"}],"wp:featuredmedia":[{"embeddable":true,"href":"https:\/\/triopersonalizados.com.br\/wp-json\/wp\/v2\/media\/20113"}],"wp:attachment":[{"href":"https:\/\/triopersonalizados.com.br\/wp-json\/wp\/v2\/media?parent=16044"}],"wp:term":[{"taxonomy":"product_brand","embeddable":true,"href":"https:\/\/triopersonalizados.com.br\/wp-json\/wp\/v2\/product_brand?post=16044"},{"taxonomy":"product_cat","embeddable":true,"href":"https:\/\/triopersonalizados.com.br\/wp-json\/wp\/v2\/product_cat?post=16044"},{"taxonomy":"product_tag","embeddable":true,"href":"https:\/\/triopersonalizados.com.br\/wp-json\/wp\/v2\/product_tag?post=16044"}],"curies":[{"name":"wp","href":"https:\/\/api.w.org\/{rel}","templated":true}]}}