
{"id":20002,"date":"2025-02-07T18:22:32","date_gmt":"2025-02-07T21:22:32","guid":{"rendered":"https:\/\/triopersonalizados.com.br\/?post_type=product&#038;p=20002"},"modified":"2026-03-15T20:49:30","modified_gmt":"2026-03-15T20:49:30","slug":"camiseta-algodao-baby-look-premium-personalize-com-sua-arte","status":"publish","type":"product","link":"https:\/\/triopersonalizados.com.br\/produto\/camiseta-algodao-baby-look-premium-personalize-com-sua-arte\/","title":{"rendered":"Camiseta Algod\u00e3o Baby Look Premium &#8211; Personalize com sua Arte"},"content":{"rendered":"<h1 class=\"fs-5 fw-600 mb-0\">Baby Look de Algod\u00e3o Premium<\/h1>\n<p>Malha 100% algod\u00e3o, o que garante conforto ao vestir a pe\u00e7a. Fio 30.1 penteado, com gramatura da malha de 160g, o que proporciona um caimento leve a quem estiver a utilizando, aliado ao conforto nos movimentos.<\/p>\n<p>Possui costura da gola em formato U com pesponto, de forma a valorizar o colo feminino de modo sutil, proporcionando um \u00f3timo acabamento a pe\u00e7a. H\u00e1 tamb\u00e9m um refor\u00e7o na gola, para auxiliar na sustenta\u00e7\u00e3o e caimento ao vestir a Baby Look.<\/p>\n<p><img fetchpriority=\"high\" decoding=\"async\" class=\"alignnone wp-image-20645\" src=\"https:\/\/triopersonalizados.com.br\/wp-content\/uploads\/2025\/02\/Medida-BabyLook-300x129.webp\" alt=\"\" width=\"437\" height=\"188\" srcset=\"https:\/\/triopersonalizados.com.br\/wp-content\/uploads\/2025\/02\/Medida-BabyLook-300x129.webp 300w, https:\/\/triopersonalizados.com.br\/wp-content\/uploads\/2025\/02\/Medida-BabyLook-150x64.webp 150w, https:\/\/triopersonalizados.com.br\/wp-content\/uploads\/2025\/02\/Medida-BabyLook-600x257.webp 600w, https:\/\/triopersonalizados.com.br\/wp-content\/uploads\/2025\/02\/Medida-BabyLook.webp 700w\" sizes=\"(max-width: 437px) 100vw, 437px\" \/><\/p>\n<p><img decoding=\"async\" class=\"alignnone wp-image-20641\" src=\"https:\/\/triopersonalizados.com.br\/wp-content\/uploads\/2025\/02\/Caracteristicas-300x129.webp\" alt=\"\" width=\"431\" height=\"185\" srcset=\"https:\/\/triopersonalizados.com.br\/wp-content\/uploads\/2025\/02\/Caracteristicas-300x129.webp 300w, https:\/\/triopersonalizados.com.br\/wp-content\/uploads\/2025\/02\/Caracteristicas-150x64.webp 150w, https:\/\/triopersonalizados.com.br\/wp-content\/uploads\/2025\/02\/Caracteristicas-600x257.webp 600w, https:\/\/triopersonalizados.com.br\/wp-content\/uploads\/2025\/02\/Caracteristicas.webp 700w\" sizes=\"(max-width: 431px) 100vw, 431px\" \/><\/p>\n<p>Importante: Pedido ser\u00e1 postado em 3 a 4 dias \u00fateis ap\u00f3s efetuada a compra.<\/p>\n","protected":false},"excerpt":{"rendered":"<p>Baby Look de Algod\u00e3o Premium Malha 100% algod\u00e3o, o que garante conforto ao vestir a pe\u00e7a. Fio 30.1 penteado, com<\/p>\n","protected":false},"featured_media":20030,"comment_status":"open","ping_status":"closed","template":"","meta":{"iawp_total_views":51,"_joinchat":[]},"product_brand":[],"product_cat":[33,30,22],"product_tag":[17],"class_list":{"0":"post-20002","1":"product","2":"type-product","3":"status-publish","4":"has-post-thumbnail","6":"product_cat-algodao","7":"product_cat-camisetas","8":"product_cat-personalizados","9":"product_tag-lancamentos","11":"first","12":"instock","13":"shipping-taxable","14":"purchasable","15":"product-type-variable"},"_links":{"self":[{"href":"https:\/\/triopersonalizados.com.br\/wp-json\/wp\/v2\/product\/20002","targetHints":{"allow":["GET"]}}],"collection":[{"href":"https:\/\/triopersonalizados.com.br\/wp-json\/wp\/v2\/product"}],"about":[{"href":"https:\/\/triopersonalizados.com.br\/wp-json\/wp\/v2\/types\/product"}],"replies":[{"embeddable":true,"href":"https:\/\/triopersonalizados.com.br\/wp-json\/wp\/v2\/comments?post=20002"}],"wp:featuredmedia":[{"embeddable":true,"href":"https:\/\/triopersonalizados.com.br\/wp-json\/wp\/v2\/media\/20030"}],"wp:attachment":[{"href":"https:\/\/triopersonalizados.com.br\/wp-json\/wp\/v2\/media?parent=20002"}],"wp:term":[{"taxonomy":"product_brand","embeddable":true,"href":"https:\/\/triopersonalizados.com.br\/wp-json\/wp\/v2\/product_brand?post=20002"},{"taxonomy":"product_cat","embeddable":true,"href":"https:\/\/triopersonalizados.com.br\/wp-json\/wp\/v2\/product_cat?post=20002"},{"taxonomy":"product_tag","embeddable":true,"href":"https:\/\/triopersonalizados.com.br\/wp-json\/wp\/v2\/product_tag?post=20002"}],"curies":[{"name":"wp","href":"https:\/\/api.w.org\/{rel}","templated":true}]}}