
{"id":20567,"date":"2025-03-01T01:25:04","date_gmt":"2025-03-01T04:25:04","guid":{"rendered":"https:\/\/triopersonalizados.com.br\/?post_type=product&#038;p=20567"},"modified":"2025-05-04T22:48:21","modified_gmt":"2025-05-04T22:48:21","slug":"canecas-aniversario","status":"publish","type":"product","link":"https:\/\/triopersonalizados.com.br\/produto\/canecas-aniversario\/","title":{"rendered":"Canecas Anivers\u00e1rio"},"content":{"rendered":"<p>Caneca de porcelana Live Sub \u00e9 uma das principais marcas de sublima\u00e7\u00e3o do mercado atual. Seus produtos contam com qualidade sem igual em toda sua linha.<\/p>\n<p>S\u00e3o tamb\u00e9m totalmente resistentes a micro-ondas e lava-lou\u00e7as. Pode aquecer, lavar, secar que n\u00e3o perde sua qualidade.<\/p>\n<p>Linda caneca para voc\u00ea e para presentear quem voc\u00ea gosta.\u00a0 \u00c9 uma pe\u00e7a que alia estilo e funcionalidade, sendo ideal tanto para uso pessoal quanto para presentes personalizados.<\/p>\n<p>Dimens\u00f5es do produto:<\/p>\n<p>Comprimento: 12cm<\/p>\n<p>Largura: 8cm<\/p>\n<p>Altura: 9,5cm<\/p>\n<p>Capacidade: 325ml<\/p>\n<p>&nbsp;<\/p>\n<p>Cuidados com o produto: Lavar com sab\u00e3o neutro e esponja macia. N\u00e3o usar produtos abrasivos na limpeza. Pode ser levado ao micro-ondas e lava-lou\u00e7as. Tenha cuidado com quedas e impactos pois podem danificar o produto.<\/p>\n","protected":false},"excerpt":{"rendered":"<p>Caneca de porcelana Live Sub \u00e9 uma das principais marcas de sublima\u00e7\u00e3o do mercado atual. Seus produtos contam com qualidade<\/p>\n","protected":false},"featured_media":20583,"comment_status":"open","ping_status":"closed","template":"","meta":{"iawp_total_views":11,"_joinchat":[]},"product_brand":[],"product_cat":[56,20,51],"product_tag":[],"class_list":{"0":"post-20567","1":"product","2":"type-product","3":"status-publish","4":"has-post-thumbnail","6":"product_cat-aniversarios","7":"product_cat-canecas","8":"product_cat-esportes","10":"first","11":"instock","12":"shipping-taxable","13":"purchasable","14":"product-type-variable"},"_links":{"self":[{"href":"https:\/\/triopersonalizados.com.br\/wp-json\/wp\/v2\/product\/20567","targetHints":{"allow":["GET"]}}],"collection":[{"href":"https:\/\/triopersonalizados.com.br\/wp-json\/wp\/v2\/product"}],"about":[{"href":"https:\/\/triopersonalizados.com.br\/wp-json\/wp\/v2\/types\/product"}],"replies":[{"embeddable":true,"href":"https:\/\/triopersonalizados.com.br\/wp-json\/wp\/v2\/comments?post=20567"}],"wp:featuredmedia":[{"embeddable":true,"href":"https:\/\/triopersonalizados.com.br\/wp-json\/wp\/v2\/media\/20583"}],"wp:attachment":[{"href":"https:\/\/triopersonalizados.com.br\/wp-json\/wp\/v2\/media?parent=20567"}],"wp:term":[{"taxonomy":"product_brand","embeddable":true,"href":"https:\/\/triopersonalizados.com.br\/wp-json\/wp\/v2\/product_brand?post=20567"},{"taxonomy":"product_cat","embeddable":true,"href":"https:\/\/triopersonalizados.com.br\/wp-json\/wp\/v2\/product_cat?post=20567"},{"taxonomy":"product_tag","embeddable":true,"href":"https:\/\/triopersonalizados.com.br\/wp-json\/wp\/v2\/product_tag?post=20567"}],"curies":[{"name":"wp","href":"https:\/\/api.w.org\/{rel}","templated":true}]}}

Canecas Aniversário

<p>Caneca de porcelana Live Sub é uma das principais marcas de sublimação do mercado atual. Seus produtos contam com qualidade sem igual em toda sua linha.</p>
<p>São também totalmente resistentes a micro-ondas e lava-louças. Pode aquecer, lavar, secar que não perde sua qualidade.</p>
<p>Linda caneca para você e para presentear quem você gosta.  É uma peça que alia estilo e funcionalidade, sendo ideal tanto para uso pessoal quanto para presentes personalizados.</p>
<p>Dimensões do produto:</p>
<p>Comprimento: 12cm</p>
<p>Largura: 8cm</p>
<p>Altura: 9,5cm</p>
<p>Capacidade: 325ml</p>
<p>&nbsp;</p>
<p>Cuidados com o produto: Lavar com sabão neutro e esponja macia. Não usar produtos abrasivos na limpeza. Pode ser levado ao micro-ondas e lava-louças. Tenha cuidado com quedas e impactos pois podem danificar o produto.</p>

<p>Caneca de porcelana Live Sub é uma das principais marcas de sublimação do mercado atual. Seus produtos contam com qualidade</p>
